hundreds digit of 3144747?
7
What is the tens digit of 41420123?
2
What is the thousands digit of 204925647?
5
What is the millions digit of 1214366380?
4
What is the ten thousands digit of 688142738?
4
What is the ten millions digit of 15871695?
1
What is the hundred thousands digit of 161372106?
3
What is the units digit of 78922531?
1
What is the ten thousands digit of 95093381?
9
What is the tens digit of 1846047383?
8
What is the tens digit of 59376712?
1
What is the ten thousands digit of 35195509?
9
What is the millions digit of 1862874545?
2
What is the ten thousands digit of 89297369?
9
What is the hundreds digit of 112737108?
1
What is the thousands digit of 4094800833?
0
What is the hundred millions digit of 1216957153?
2
What is the thousands digit of 84608504?
8
What is the hundreds digit of 28916119?
1
What is the tens digit of 2727962724?
2
What is the millions digit of 500529225?
0
What is the hundred thousands digit of 2787264634?
2
What is the units digit of 51392557?
7
What is the ten thousands digit of 1896133463?
3
What is the hundreds digit of 362226597?
5
What is the units digit of 53735690?
0
What is the hundred thousands digit of 256301416?
3
What is the millions digit of 81045632?
1
What is the hundreds digit of 2871399051?
0
What is the units digit of 3992622092?
2
What is the thousands digit of 737313575?
3
What is the thousands digit of 3884893?
4
What is the hundreds digit of 111794796?
7
What is the hundreds digit of 89919762?
7
What is the ten millions digit of 77102021?
7
What is the ten millions digit of 222977268?
2
What is the units digit of 3198814709?
9
What is the thousands digit of 10720569?
0
What is the units digit of 1425043971?
1
What is the ten millions digit of 3096968852?
9
What is the thousands digit of 98867752?
7
What is the ten thousands digit of 506045417?
4
What is the ten millions digit of 1250865803?
5
What is the thousands digit of 488321899?
1
What is the hundred thousands digit of 19070284?
0
What is the millions digit of 3631112558?
1
What is the ten thousands digit of 160503586?
0
What is the units digit of 27783963?
3
What is the tens digit of 74329694?
9
What is the hundred thousands digit of 48326251?
3
What is the hundred millions digit of 448095807?
4
What is the tens digit of 12117460?
6
What is the millions digit of 9152296?
9
What is the units digit of 98163515?
5
What is the hundreds digit of 204331629?
6
What is the hundreds digit of 235609912?
9
What is the hundred millions digit of 817655636?
8
What is the thousands digit of 90106846?
6
What is the ten thousands digit of 454070791?
7
What is the tens digit of 4598443777?
7
What is the ten millions digit of 1692652181?
9
What is the millions digit of 286139934?
6
What is the hundred thousands digit of 333944217?
9
What is the hundred thousands digit of 81329950?
3
What is the millions digit of 22151886?
2
What is the thousands digit of 54259213?
9
What is the millions digit of 1173918115?
3
What is the ten thousands digit of 21031392?
3
What is the millions digit of 240417316?
0
What is the ten thousands digit of 331931011?
3
What is the hundred thousands digit of 135189933?
1
What is the hundred thousands digit of 226691040?
6
What is the units digit of 242122348?
8
What is the hundred thousands digit of 207574237?
5
What is the thousands digit of 165900717?
0
What is the hundred millions digit of 856454943?
8
What is the tens digit of 799824665?
6
What is the ten thousands digit of 42518684?
1
What is the hundreds digit of 43286252?
2
What is the thousands digit of 724176056?
6
What is the ten millions digit of 253949283?
5
What is the ten millions digit of 95053204?
9
What is the hundred thousands digit of 118981970?
9
What is the hundred millions digit of 280604641?
2
What is the units digit of 517072275?
5
What is the ten millions digit of 46406580?
4
What is the thousands digit of 8072037?
2
What is the hundred millions digit of 2111289300?
1
What is the units digit of 2726561459?
9
What is the ten thousands digit of 21293615?
9
What is the thousands digit of 688425992?
5
What is the hundreds digit of 33443655?
6
What is the units digit of 12196745?
5
What is the units digit of 506198691?
1
What is the millions digit of 5235434209?
5
What is the millions digit of 22613984?
2
What is the hundred thousands digit of 22118197?
1
What is the ten thousands digit of 174792343?
9
What is the billions digit of 5333678860?
5
What is the ten thousands digit of 125626694?
2
What is the hundred millions digit of 1471589382?
4
What is the ten millions digit of 197977269?
9
What is the ten millions digit of 300695073?
0
What is the ten thousands digit of 258764169?
6
What is the hundred thousands digit of 33447344?
4
What is the thousands digit of 85686197?
6
What is the hundred thousands digit of 5626254687?
2
What is the ten thousands digit of 801804?
0
What is the tens digit of 5358602811?
1
What is the ten thousands digit of 352985488?
8
What is the hundred thousands digit of 50176819?
1
What is the millions digit of 1394579052?
4
What is the billions digit of 2235118525?
2
What is the units digit of 91663135?
5
What is the billions digit of 4111609621?
4
What is the ten millions digit of 10850781?
1
What is the ten thousands digit of 621629001?
2
What is the hundreds digit of 27762617?
6
What is the thousands digit of 2511150?
1
What is the ten thousands digit of 457977803?
7
What is the hundred thousands digit of 568247?
5
What is the millions digit of 1533336135?
3
What is the ten millions digit of 592584563?
9
What is the units digit of 200580575?
5
What is the thousands digit of 1581653574?
3
What is the thousands digit of 23916416?
6
What is the ten thousands digit of 43114575?
1
What is the millions digit of 2387597989?
7
What is the tens digit of 163391838?
3
What is the hundreds digit of 2360948230?
2
What is the hundred millions digit of 133565263?
1
What is the tens digit of 84327474?
7
What is the tens digit of 902414372?
7
What is the thousands digit of 1132810412?
0
What is the units digit of 71204762?
2
What is the hundred thousands digit of 1692672742?
6
What is the tens digit of 279296818?
1
What is the billions digit of 1494095249?
1
What is the millions digit of 27058803?
7
What is the thousands digit of 17750716?
0
What is the hundreds digit of 592437601?
6
What is the tens digit of 141613635?
3
What is the units digit of 880671920?
0
What is the units digit of 1917174496?
6
What is the hundred thousands digit of 4522976295?
9
What is the tens digit of 4158540127?
2
What is the units digit of 74319195?
5
What is the hundred thousands digit of 716531014?
5
What is the hundred thousands digit of 684069885?
0
What is the ten thousands digit of 88382583?
8
What is the thousands digit of 365644797?
4
What is the thousands digit of 51790659?
0
What is the millions digit of 56409824?
6
What is the tens digit of 9710400?
0
What is the ten millions digit of 20456492?
2
What is the ten thousands digit of 1903478076?
7
What is the hundreds digit of 144881326?
3
What is the tens digit of 242066573?
7
What is the tens digit of 28999519?
1
What is the ten thousands digit of 49887270?
8
What is the tens digit of 131399048?
4
What is the hundreds digit of 295794442?
4
What is the thousands digit of 100419901?
9
What is the units digit of 2776763?
3
What is the millions digit of 213123659?
3
What is the thousands digit of 243929524?
9
What is the hundred thousands digit of 84507791?
5
What is the millions digit of 34484312?
4
What is the hundreds digit of 19793312?
3
What is the hundred millions digit of 418543448?
4
What is the ten thousands digit of 815115072?
1
What is the ten millions digit of 31479025?
3
What is the units digit of 146895445?
5
What is the hundred thousands digit of 758571879?
5
What is the ten millions digit of 196482293?
9
What is the thousands digit of 39140889?
0
What is the hundreds digit of 39903061?
0
What is the tens digit of 37164280?
8
What is the millions digit of 201337076?
1
What is the thousands digit of 614237833?
7
What is the ten thousands digit of 1612752352?
5
What is the units digit of 16188618?
8
What is the hundred millions digit of 957333534?
9
What is the hundred thousands dig